{"id":8,"date":"2025-09-25T05:55:13","date_gmt":"2025-09-25T05:55:13","guid":{"rendered":"https:\/\/bouza.adv.br\/?page_id=8"},"modified":"2025-09-27T00:59:02","modified_gmt":"2025-09-27T00:59:02","slug":"inicial","status":"publish","type":"page","link":"https:\/\/bouza.adv.br\/","title":{"rendered":"P\u00e1gina Inicial"},"content":{"rendered":"\n<figure class=\"wp-block-image alignfull size-large\"><img loading=\"lazy\" decoding=\"async\" width=\"1024\" height=\"305\" src=\"https:\/\/bouza.adv.br\/wp-content\/uploads\/2025\/09\/Brasilia-13p-1024x305.jpg\" alt=\"\" class=\"wp-image-17\" srcset=\"https:\/\/bouza.adv.br\/wp-content\/uploads\/2025\/09\/Brasilia-13p-1024x305.jpg 1024w, https:\/\/bouza.adv.br\/wp-content\/uploads\/2025\/09\/Brasilia-13p-300x89.jpg 300w, https:\/\/bouza.adv.br\/wp-content\/uploads\/2025\/09\/Brasilia-13p-768x229.jpg 768w, https:\/\/bouza.adv.br\/wp-content\/uploads\/2025\/09\/Brasilia-13p-1536x458.jpg 1536w, https:\/\/bouza.adv.br\/wp-content\/uploads\/2025\/09\/Brasilia-13p.jpg 1600w\" sizes=\"auto, (max-width: 1024px) 100vw, 1024px\" \/><\/figure>\n\n\n\n<div style=\"height:25px\" aria-hidden=\"true\" class=\"wp-block-spacer\"><\/div>\n\n\n\n<h2 class=\"wp-block-heading\">O escrit\u00f3rio<\/h2>\n\n\n\n<p><br>O escrit\u00f3rio surgiu com o objetivo de transmitir em sua atua\u00e7\u00e3o os valores que acreditamos na advocacia: \u00e9tica, sobriedade, discri\u00e7\u00e3o e personaliza\u00e7\u00e3o no trato com os clientes. Somos um escrit\u00f3rio especializado na advocacia criminal e que possui profissionais com a necess\u00e1ria experi\u00eancia forense e acad\u00eamica, o que faz com que estejamos sempre atualizados e prontos para enfrentar as mais diversas demandas de pessoas f\u00edsicas e jur\u00eddicas desde as fases iniciais de investiga\u00e7\u00e3o at\u00e9 a atua\u00e7\u00e3o nos Tribunais Superiores da Capital Federal. Como dito, o tratamento personalizado \u00e9 valor essencial do escrit\u00f3rio; da mesma forma, a busca pela sobriedade na atua\u00e7\u00e3o para manter a discri\u00e7\u00e3o que tanto aproveita aos nossos representados.<\/p>\n\n\n\n<figure class=\"wp-block-image size-full is-style-default wp-duotone-duotone-1\"><img loading=\"lazy\" decoding=\"async\" width=\"844\" height=\"1025\" src=\"https:\/\/bouza.adv.br\/wp-content\/uploads\/2025\/09\/img-2.png\" alt=\"\" class=\"wp-image-23\" srcset=\"https:\/\/bouza.adv.br\/wp-content\/uploads\/2025\/09\/img-2.png 844w, https:\/\/bouza.adv.br\/wp-content\/uploads\/2025\/09\/img-2-247x300.png 247w, https:\/\/bouza.adv.br\/wp-content\/uploads\/2025\/09\/img-2-768x933.png 768w\" sizes=\"auto, (max-width: 844px) 100vw, 844px\" \/><\/figure>\n\n\n\n<div style=\"height:25px\" aria-hidden=\"true\" class=\"wp-block-spacer\"><\/div>\n\n\n\n<h2 class=\"wp-block-heading\">\u00c1rea de Atua\u00e7\u00e3o<\/h2>\n\n\n\n<p>O <strong>Bouza Advogados<\/strong> atua em todas as \u00e1reas na seara criminal, apesar do enfoque do escrit\u00f3rio estar na atua\u00e7\u00e3o em crimes contra a Administra\u00e7\u00e3o P\u00fablica e Direito Penal Empresarial &#8211; consultivo e contencioso. Os casos que demandem interdisciplinaridade t\u00eam atua\u00e7\u00e3o em conjunto com outras bancas especializadas com intuito de dar a melhor solu\u00e7\u00e3o jur\u00eddica para todos os representados por nosso escrit\u00f3rio, especialmente naqueles que envolvem direito administrativo sancionador. O contexto atual de expans\u00e3o das investiga\u00e7\u00f5es fez com que o escrit\u00f3rio se preparasse para enfrentar todos os tipos de desafios impostos pelos mais diversos \u00f3rg\u00e3os de controle da Administra\u00e7\u00e3o P\u00fablica.<\/p>\n\n\n\n<p>O <strong>Bouza Advogados<\/strong> tamb\u00e9m est\u00e1 pronto para oferecer aos seus clientes a an\u00e1lise de informa\u00e7\u00e3o em <em>big data<\/em>, produ\u00e7\u00e3o de prova t\u00e9cnica por meio de per\u00edcias profissionalizadas nas mais diversas especialidades, atua\u00e7\u00e3o e defesa dos interesses dos clientes, inclusive, em casos que envolvam Coopera\u00e7\u00e3o Jur\u00eddica Internacional e Justi\u00e7a Penal Negociada. A estrutura do escrit\u00f3rio tamb\u00e9m nos permite atuar em outros estados da federa\u00e7\u00e3o, tendo em vista as particularidades de alguns casos que necessitam de especializa\u00e7\u00e3o ou que, necessariamente demandem de atua\u00e7\u00e3o nos Tribunais Superiores em Bras\u00edlia.<\/p>\n\n\n\n<figure class=\"wp-block-image size-large wp-duotone-duotone-1\"><img loading=\"lazy\" decoding=\"async\" width=\"743\" height=\"1024\" src=\"https:\/\/bouza.adv.br\/wp-content\/uploads\/2025\/09\/advg-1-743x1024.png\" alt=\"\" class=\"wp-image-24\" srcset=\"https:\/\/bouza.adv.br\/wp-content\/uploads\/2025\/09\/advg-1-743x1024.png 743w, https:\/\/bouza.adv.br\/wp-content\/uploads\/2025\/09\/advg-1-218x300.png 218w, https:\/\/bouza.adv.br\/wp-content\/uploads\/2025\/09\/advg-1-768x1059.png 768w, https:\/\/bouza.adv.br\/wp-content\/uploads\/2025\/09\/advg-1.png 848w\" sizes=\"auto, (max-width: 743px) 100vw, 743px\" \/><\/figure>\n\n\n\n<div style=\"height:25px\" aria-hidden=\"true\" class=\"wp-block-spacer\"><\/div>\n\n\n\n<h2 class=\"wp-block-heading\">Caminhada<\/h2>\n\n\n\n<p><br>O s\u00f3cio-fundador do escrit\u00f3rio, <strong>Thiago Bouza<\/strong>, foi o advogado respons\u00e1vel pelo escrit\u00f3rio N\u00e9lio Machado Advogados por v\u00e1rios anos em Bras\u00edlia, exercendo posteriormente a mesma fun\u00e7\u00e3o no Bottini e Tamasaukas Advogados. Al\u00e9m disso, \u00e9 tamb\u00e9m docente de processo penal em faculdades no Distrito Federal, o que lhe permite coordenar tecnicamente a equipe do Bouza Advogados.<\/p>\n\n\n\n<div style=\"height:25px\" aria-hidden=\"true\" class=\"wp-block-spacer\"><\/div>\n\n\n\n<figure class=\"wp-block-image size-full wp-duotone-duotone-1\"><img loading=\"lazy\" decoding=\"async\" width=\"579\" height=\"579\" src=\"https:\/\/bouza.adv.br\/wp-content\/uploads\/2025\/09\/person-1.png\" alt=\"\" class=\"wp-image-26\" srcset=\"https:\/\/bouza.adv.br\/wp-content\/uploads\/2025\/09\/person-1.png 579w, https:\/\/bouza.adv.br\/wp-content\/uploads\/2025\/09\/person-1-300x300.png 300w, https:\/\/bouza.adv.br\/wp-content\/uploads\/2025\/09\/person-1-150x150.png 150w\" sizes=\"auto, (max-width: 579px) 100vw, 579px\" \/><\/figure>\n\n\n\n<div style=\"height:25px\" aria-hidden=\"true\" class=\"wp-block-spacer\"><\/div>\n\n\n\n<h3 class=\"wp-block-heading\"><strong>Advogado Thiago Bouza<\/strong><\/h3>\n\n\n\n<p>O escrit\u00f3rio de advocacia <strong>Bouza Advogados<\/strong> tem como s\u00f3cio-fundador o advogado especialista em Direito P\u00fablico e na \u00e1rea criminal, <strong>Thiago Bouza<\/strong>. Com mais de 20 (vinte) anos de experi\u00eancia em atua\u00e7\u00f5es diretas ou em parceria com diversos escrit\u00f3rios reconhecidos e participa\u00e7\u00e3o ativa em v\u00e1rios processos e opera\u00e7\u00f5es policiais em \u00e2mbito local e nacional. Defendeu v\u00e1rios empres\u00e1rios e pol\u00edticos em contextos de investiga\u00e7\u00f5es ou opera\u00e7\u00f5es policiais, a\u00e7\u00f5es de improbidade administrativa e processos eleitorais. Mestre, Doutorando e Professor de Processo Penal pelo Instituto Brasiliense de Direito P\u00fablico (IDP) e ex-membro efetivo da Comiss\u00e3o de Prerrogativas da Ordem dos Advogados do Brasil, Seccional do Distrito Federal, atualmente tamb\u00e9m ocupa o cargo de Gerente Jur\u00eddico do SEBRAE Nacional.<\/p>\n\n\n\n<div style=\"margin-top:0;margin-bottom:0;height:25px\" aria-hidden=\"true\" class=\"wp-block-spacer\"><\/div>\n\n\n\n<hr class=\"wp-block-separator has-alpha-channel-opacity is-style-wide\"\/>\n\n\n\n<h2 class=\"wp-block-heading\">Contato<\/h2>\n\n\n\n<p>SHIS QL 8, CONJUNTO 4, CASA 5<br>Lago Sul, Bras\u00edlia\/DF<\/p>\n\n\n\n<p>+55 (61) 3965-9331<\/p>\n\n\n\n<p><strong>bouza.adv.br<\/strong><\/p>\n\n\n\n<div style=\"height:50px\" aria-hidden=\"true\" class=\"wp-block-spacer\"><\/div>\n","protected":false},"excerpt":{"rendered":"<p>O escrit\u00f3rio O escrit\u00f3rio surgiu com o objetivo de transmitir em sua atua\u00e7\u00e3o os valores que acreditamos na advocacia: \u00e9tica, sobriedade, discri\u00e7\u00e3o e personaliza\u00e7\u00e3o no trato com os clientes. Somos um escrit\u00f3rio especializado na advocacia criminal e que possui profissionais com a necess\u00e1ria experi\u00eancia forense e acad\u00eamica, o que faz com que estejamos sempre atualizados [&hellip;]<\/p>\n","protected":false},"author":1,"featured_media":0,"parent":0,"menu_order":0,"comment_status":"closed","ping_status":"closed","template":"","meta":{"footnotes":""},"class_list":["post-8","page","type-page","status-publish","hentry"],"_links":{"self":[{"href":"https:\/\/bouza.adv.br\/index.php\/wp-json\/wp\/v2\/pages\/8","targetHints":{"allow":["GET"]}}],"collection":[{"href":"https:\/\/bouza.adv.br\/index.php\/wp-json\/wp\/v2\/pages"}],"about":[{"href":"https:\/\/bouza.adv.br\/index.php\/wp-json\/wp\/v2\/types\/page"}],"author":[{"embeddable":true,"href":"https:\/\/bouza.adv.br\/index.php\/wp-json\/wp\/v2\/users\/1"}],"replies":[{"embeddable":true,"href":"https:\/\/bouza.adv.br\/index.php\/wp-json\/wp\/v2\/comments?post=8"}],"version-history":[{"count":9,"href":"https:\/\/bouza.adv.br\/index.php\/wp-json\/wp\/v2\/pages\/8\/revisions"}],"predecessor-version":[{"id":38,"href":"https:\/\/bouza.adv.br\/index.php\/wp-json\/wp\/v2\/pages\/8\/revisions\/38"}],"wp:attachment":[{"href":"https:\/\/bouza.adv.br\/index.php\/wp-json\/wp\/v2\/media?parent=8"}],"curies":[{"name":"wp","href":"https:\/\/api.w.org\/{rel}","templated":true}]}}